{"id":2,"date":"2020-09-29T12:48:09","date_gmt":"2020-09-29T12:48:09","guid":{"rendered":"https:\/\/psnickars.fi\/?page_id=2"},"modified":"2024-05-20T06:29:55","modified_gmt":"2024-05-20T06:29:55","slug":"sample-page","status":"publish","type":"page","link":"https:\/\/psnickars.fi\/index.php\/sample-page\/","title":{"rendered":"Historik"},"content":{"rendered":"\r\n<figure class=\"wp-block-image\"><img decoding=\"async\" src=\"https:\/\/psnickars.fi\/wp-content\/uploads\/2020\/10\/oldlight-150x150.jpg\" alt=\"\" \/>\u00a0 \u00a0 <img loading=\"lazy\" decoding=\"async\" src=\"https:\/\/psnickars.fi\/wp-content\/uploads\/2020\/10\/Vanhat_johdot-150x150.jpg\" alt=\"gammal ledning\" width=\"150\" height=\"150\" class=\"alignnone wp-image-220 size-thumbnail\" \/>\u00a0 \u00a0 <img loading=\"lazy\" decoding=\"async\" src=\"https:\/\/psnickars.fi\/wp-content\/uploads\/2020\/10\/uusivanha_MG_0319-150x150.jpg\" alt=\"\" width=\"150\" height=\"150\" class=\"alignnone wp-image-225 size-thumbnail\" \/><\/figure>\r\n\r\n\r\n\r\n<p><span class=\"has-inline-color has-black-color\">1938 B\u00f6rjade Karl Snickars som l\u00e4rling hos &#8220;Tallmoss Sigvald&#8221; ( Sigvald \u00d6sterholm) med att resa stolpar f\u00f6r \u00d6vertr\u00e4sk elandelslag. <\/span>1966 Ombildades Karl Snickars till K &amp; L Snickars och 1981\u00e4ndrade bolagets namn till L. Snickars Kb fram till 2020 d\u00e5 bolaget \u00e4ndrades till P. Snickars Ab Oy.<\/p>\r\n\r\n\r\n\r\n<p>&nbsp;<\/p>\r\n","protected":false},"excerpt":{"rendered":"<p>1938 B\u00f6rjade Karl Snickars som l\u00e4rling hos &#8220;Tallmoss Sigvald&#8221; ( Sigvald \u00d6sterholm) med att resa stolpar f\u00f6r \u00d6vertr\u00e4sk elandelslag. 1966 Ombildades Karl Snickars till K &amp; L Snickars och 1981\u00e4ndrade bolagets namn till L. Snickars Kb fram till 2020 d\u00e5 bolaget \u00e4ndrades till P. Snickars Ab Oy. &nbsp;<\/p>\n","protected":false},"author":1,"featured_media":127,"parent":0,"menu_order":0,"comment_status":"closed","ping_status":"closed","template":"","meta":{"footnotes":""},"class_list":["post-2","page","type-page","status-publish","has-post-thumbnail","hentry"],"_links":{"self":[{"href":"https:\/\/psnickars.fi\/index.php\/wp-json\/wp\/v2\/pages\/2","targetHints":{"allow":["GET"]}}],"collection":[{"href":"https:\/\/psnickars.fi\/index.php\/wp-json\/wp\/v2\/pages"}],"about":[{"href":"https:\/\/psnickars.fi\/index.php\/wp-json\/wp\/v2\/types\/page"}],"author":[{"embeddable":true,"href":"https:\/\/psnickars.fi\/index.php\/wp-json\/wp\/v2\/users\/1"}],"replies":[{"embeddable":true,"href":"https:\/\/psnickars.fi\/index.php\/wp-json\/wp\/v2\/comments?post=2"}],"version-history":[{"count":13,"href":"https:\/\/psnickars.fi\/index.php\/wp-json\/wp\/v2\/pages\/2\/revisions"}],"predecessor-version":[{"id":221,"href":"https:\/\/psnickars.fi\/index.php\/wp-json\/wp\/v2\/pages\/2\/revisions\/221"}],"wp:featuredmedia":[{"embeddable":true,"href":"https:\/\/psnickars.fi\/index.php\/wp-json\/wp\/v2\/media\/127"}],"wp:attachment":[{"href":"https:\/\/psnickars.fi\/index.php\/wp-json\/wp\/v2\/media?parent=2"}],"curies":[{"name":"wp","href":"https:\/\/api.w.org\/{rel}","templated":true}]}}